{"id":315,"date":"2015-11-06T08:51:58","date_gmt":"2015-11-06T08:51:58","guid":{"rendered":"http:\/\/grupogestorbcn.com\/?page_id=315"},"modified":"2015-12-07T10:47:33","modified_gmt":"2015-12-07T10:47:33","slug":"elaboracio-de-nomines","status":"publish","type":"page","link":"https:\/\/grupogestorbcn.com\/ca\/elaboracio-de-nomines\/","title":{"rendered":"Elaboraci\u00f3 de n\u00f2mines"},"content":{"rendered":"<p><img loading=\"lazy\" src=\"http:\/\/grupogestorbcn.com\/wp-content\/uploads\/elaboracion-de-nominas.png\" alt=\"elaboracion-de-nominas\" width=\"150\" height=\"160\" class=\"alignleft size-full wp-image-167\" \/><\/p>\n<h1>Elaboraci\u00f3 de n\u00f2mines<\/h1>\n<h2>A Grupo Gestor BCN t\u2019ajudem per tal que no hagis de preocupar-te ni per l\u2019administraci\u00f3 del teu personal ni per la gesti\u00f3 de les seves n\u00f2mines.<\/h2>\n<p>&nbsp;<\/p>\n<p><img loading=\"lazy\" src=\"http:\/\/grupogestorbcn.com\/wp-content\/uploads\/precio-elaboracion-de-nominas-cat.png\" alt=\"precio-elaboracion-de-nominas-cat\" width=\"368\" height=\"143\" class=\"alignright size-full wp-image-373 precios-nominas\" srcset=\"https:\/\/grupogestorbcn.com\/wp-content\/uploads\/precio-elaboracion-de-nominas-cat.png 368w, https:\/\/grupogestorbcn.com\/wp-content\/uploads\/precio-elaboracion-de-nominas-cat-300x117.png 300w\" sizes=\"(max-width: 368px) 100vw, 368px\" \/><\/p>\n<p>&nbsp;<\/p>\n<p>A Grupo Gestor BCN oferim un servei especialitzar en l\u2019administraci\u00f3 de personal i en<br \/>\nl\u2019elaboraci\u00f3 de n\u00f2mines.<\/p>\n<p>&nbsp;<br \/>\n&nbsp;<br \/>\n&nbsp;<\/p>\n<h4>Els nostres serveis inclouen:<\/h4>\n<p>&nbsp;<\/p>\n<h3>Administraci\u00f3 de personal<\/h3>\n<ul>\n<li><span>Confecci\u00f3 i presentaci\u00f3 dels contractes de treball del personal de la teva empresa mitjan\u00e7ant el <b>sistema Contrat@<\/b>.<\/span><\/li>\n<li><span>Tramitaci\u00f3 i presentaci\u00f3 de les cotitzacions dels treballadors i de la seva carta de pagament (<b>TC2<\/b> i <b>TC1<\/b>), aix\u00ed com de les altes, baixes, i variacions mitjan\u00e7ant el Sistema Red.<\/span><\/li>\n<li><span>Confecci\u00f3 i presentaci\u00f3 telem\u00e0tica del <b>model 111<\/b> trimestral o mensual, de liquidacions de retencions d\u2019IRPF.<\/span><\/li>\n<li><span>Confecci\u00f3 i presentaci\u00f3 telem\u00e0tica del <b>model 190<\/b> de resumen anual d\u2019IRPF.<\/span><\/li>\n<li><span>Confecci\u00f3 de certificats individuals de retencions d\u2019IRPF.<\/span><\/li>\n<\/ul>\n<h3>Gesti\u00f3 de n\u00f2mines<\/h3>\n<ul>\n<li><span>Confecci\u00f3 de n\u00f2mines.<\/span><\/li>\n<li><span>Confecci\u00f3 de liquidacions y quitances.<\/span><\/li>\n<\/ul>\n<p>&nbsp;<\/p>\n<h3>Assessorament addicional<\/h3>\n<p>A Grupo Gestor BCN tamb\u00e9 podem assessorar-te de forma integral en <b>MATERIA COMPTABLE, FISCAL I LABORAL<\/b>. <\/p>\n<a href=\"\/ca\/packs-dassessoria-integral\" class=\"boton_packs\"><i class=\"fa fa-codepen\"><\/i> Veure tots els packs d'assessoria integral<\/a>\n","protected":false},"excerpt":{"rendered":"<p>Elaboraci\u00f3 de n\u00f2mines A Grupo Gestor BCN t\u2019ajudem per tal que no hagis de preocupar-te ni per l\u2019administraci\u00f3 del teu personal ni per la gesti\u00f3 de les seves n\u00f2mines. &nbsp; &nbsp; A Grupo Gestor BCN&#8230;<\/p>\n","protected":false},"author":1,"featured_media":0,"parent":0,"menu_order":10,"comment_status":"closed","ping_status":"closed","template":"","meta":[],"yoast_head":"<!-- This site is optimized with the Yoast SEO plugin v17.4 - https:\/\/yoast.com\/wordpress\/plugins\/seo\/ -->\n<title>Gesti\u00f3 n\u00f2mines \u2013 Assessoria Laboral \u2013 Externalitzaci\u00f3 treballadors<\/title>\n<meta name=\"description\" content=\"Gesti\u00f3 de n\u00f2mines - Externalitzaci\u00f3 de l&#039;administraci\u00f3 de personal - Assassoria laboral online n\u00f2mina\" \/>\n<meta name=\"robots\" content=\"index, follow, max-snippet:-1, max-image-preview:large, max-video-preview:-1\" \/>\n<link rel=\"canonical\" href=\"https:\/\/grupogestorbcn.com\/ca\/elaboracio-de-nomines\/\" \/>\n<meta property=\"og:locale\" content=\"ca_ES\" \/>\n<meta property=\"og:type\" content=\"article\" \/>\n<meta property=\"og:title\" content=\"Gesti\u00f3 n\u00f2mines \u2013 Assessoria Laboral \u2013 Externalitzaci\u00f3 treballadors\" \/>\n<meta property=\"og:description\" content=\"Gesti\u00f3 de n\u00f2mines - Externalitzaci\u00f3 de l&#039;administraci\u00f3 de personal - Assassoria laboral online n\u00f2mina\" \/>\n<meta property=\"og:url\" content=\"https:\/\/grupogestorbcn.com\/ca\/elaboracio-de-nomines\/\" \/>\n<meta property=\"og:site_name\" content=\"Grupo Gestor BCN\" \/>\n<meta property=\"article:publisher\" content=\"https:\/\/www.facebook.com\/grupogestorbcn\/\" \/>\n<meta property=\"article:modified_time\" content=\"2015-12-07T10:47:33+00:00\" \/>\n<meta property=\"og:image\" content=\"http:\/\/grupogestorbcn.com\/wp-content\/uploads\/elaboracion-de-nominas.png\" \/>\n<meta name=\"twitter:card\" content=\"summary\" \/>\n<meta name=\"twitter:label1\" content=\"Temps estimat de lectura\" \/>\n\t<meta name=\"twitter:data1\" content=\"1 minut\" \/>\n<script type=\"application\/ld+json\" class=\"yoast-schema-graph\">{\"@context\":\"https:\/\/schema.org\",\"@graph\":[{\"@type\":\"WebSite\",\"@id\":\"https:\/\/grupogestorbcn.com\/#website\",\"url\":\"https:\/\/grupogestorbcn.com\/\",\"name\":\"Grupo Gestor BCN\",\"description\":\"Assessoria especialitzada en mat\\u00e8ria comptable, fiscal, laboral i mercantil a Barcelona\",\"potentialAction\":[{\"@type\":\"SearchAction\",\"target\":{\"@type\":\"EntryPoint\",\"urlTemplate\":\"https:\/\/grupogestorbcn.com\/?s={search_term_string}\"},\"query-input\":\"required name=search_term_string\"}],\"inLanguage\":\"ca\"},{\"@type\":\"ImageObject\",\"@id\":\"https:\/\/grupogestorbcn.com\/ca\/elaboracio-de-nomines\/#primaryimage\",\"inLanguage\":\"ca\",\"url\":\"http:\/\/grupogestorbcn.com\/wp-content\/uploads\/elaboracion-de-nominas.png\",\"contentUrl\":\"http:\/\/grupogestorbcn.com\/wp-content\/uploads\/elaboracion-de-nominas.png\"},{\"@type\":\"WebPage\",\"@id\":\"https:\/\/grupogestorbcn.com\/ca\/elaboracio-de-nomines\/#webpage\",\"url\":\"https:\/\/grupogestorbcn.com\/ca\/elaboracio-de-nomines\/\",\"name\":\"Gesti\\u00f3 n\\u00f2mines \\u2013 Assessoria Laboral \\u2013 Externalitzaci\\u00f3 treballadors\",\"isPartOf\":{\"@id\":\"https:\/\/grupogestorbcn.com\/#website\"},\"primaryImageOfPage\":{\"@id\":\"https:\/\/grupogestorbcn.com\/ca\/elaboracio-de-nomines\/#primaryimage\"},\"datePublished\":\"2015-11-06T08:51:58+00:00\",\"dateModified\":\"2015-12-07T10:47:33+00:00\",\"description\":\"Gesti\\u00f3 de n\\u00f2mines - Externalitzaci\\u00f3 de l'administraci\\u00f3 de personal - Assassoria laboral online n\\u00f2mina\",\"breadcrumb\":{\"@id\":\"https:\/\/grupogestorbcn.com\/ca\/elaboracio-de-nomines\/#breadcrumb\"},\"inLanguage\":\"ca\",\"potentialAction\":[{\"@type\":\"ReadAction\",\"target\":[\"https:\/\/grupogestorbcn.com\/ca\/elaboracio-de-nomines\/\"]}]},{\"@type\":\"BreadcrumbList\",\"@id\":\"https:\/\/grupogestorbcn.com\/ca\/elaboracio-de-nomines\/#breadcrumb\",\"itemListElement\":[{\"@type\":\"ListItem\",\"position\":1,\"name\":\"Portada\",\"item\":\"https:\/\/grupogestorbcn.com\/ca\/\"},{\"@type\":\"ListItem\",\"position\":2,\"name\":\"Elaboraci\\u00f3 de n\\u00f2mines\"}]}]}<\/script>\n<!-- \/ Yoast SEO plugin. -->","yoast_head_json":{"title":"Gesti\u00f3 n\u00f2mines \u2013 Assessoria Laboral \u2013 Externalitzaci\u00f3 treballadors","description":"Gesti\u00f3 de n\u00f2mines - Externalitzaci\u00f3 de l'administraci\u00f3 de personal - Assassoria laboral online n\u00f2mina","robots":{"index":"index","follow":"follow","max-snippet":"max-snippet:-1","max-image-preview":"max-image-preview:large","max-video-preview":"max-video-preview:-1"},"canonical":"https:\/\/grupogestorbcn.com\/ca\/elaboracio-de-nomines\/","og_locale":"ca_ES","og_type":"article","og_title":"Gesti\u00f3 n\u00f2mines \u2013 Assessoria Laboral \u2013 Externalitzaci\u00f3 treballadors","og_description":"Gesti\u00f3 de n\u00f2mines - Externalitzaci\u00f3 de l'administraci\u00f3 de personal - Assassoria laboral online n\u00f2mina","og_url":"https:\/\/grupogestorbcn.com\/ca\/elaboracio-de-nomines\/","og_site_name":"Grupo Gestor BCN","article_publisher":"https:\/\/www.facebook.com\/grupogestorbcn\/","article_modified_time":"2015-12-07T10:47:33+00:00","og_image":[{"url":"http:\/\/grupogestorbcn.com\/wp-content\/uploads\/elaboracion-de-nominas.png"}],"twitter_card":"summary","twitter_misc":{"Temps estimat de lectura":"1 minut"},"schema":{"@context":"https:\/\/schema.org","@graph":[{"@type":"WebSite","@id":"https:\/\/grupogestorbcn.com\/#website","url":"https:\/\/grupogestorbcn.com\/","name":"Grupo Gestor BCN","description":"Assessoria especialitzada en mat\u00e8ria comptable, fiscal, laboral i mercantil a Barcelona","potentialAction":[{"@type":"SearchAction","target":{"@type":"EntryPoint","urlTemplate":"https:\/\/grupogestorbcn.com\/?s={search_term_string}"},"query-input":"required name=search_term_string"}],"inLanguage":"ca"},{"@type":"ImageObject","@id":"https:\/\/grupogestorbcn.com\/ca\/elaboracio-de-nomines\/#primaryimage","inLanguage":"ca","url":"http:\/\/grupogestorbcn.com\/wp-content\/uploads\/elaboracion-de-nominas.png","contentUrl":"http:\/\/grupogestorbcn.com\/wp-content\/uploads\/elaboracion-de-nominas.png"},{"@type":"WebPage","@id":"https:\/\/grupogestorbcn.com\/ca\/elaboracio-de-nomines\/#webpage","url":"https:\/\/grupogestorbcn.com\/ca\/elaboracio-de-nomines\/","name":"Gesti\u00f3 n\u00f2mines \u2013 Assessoria Laboral \u2013 Externalitzaci\u00f3 treballadors","isPartOf":{"@id":"https:\/\/grupogestorbcn.com\/#website"},"primaryImageOfPage":{"@id":"https:\/\/grupogestorbcn.com\/ca\/elaboracio-de-nomines\/#primaryimage"},"datePublished":"2015-11-06T08:51:58+00:00","dateModified":"2015-12-07T10:47:33+00:00","description":"Gesti\u00f3 de n\u00f2mines - Externalitzaci\u00f3 de l'administraci\u00f3 de personal - Assassoria laboral online n\u00f2mina","breadcrumb":{"@id":"https:\/\/grupogestorbcn.com\/ca\/elaboracio-de-nomines\/#breadcrumb"},"inLanguage":"ca","potentialAction":[{"@type":"ReadAction","target":["https:\/\/grupogestorbcn.com\/ca\/elaboracio-de-nomines\/"]}]},{"@type":"BreadcrumbList","@id":"https:\/\/grupogestorbcn.com\/ca\/elaboracio-de-nomines\/#breadcrumb","itemListElement":[{"@type":"ListItem","position":1,"name":"Portada","item":"https:\/\/grupogestorbcn.com\/ca\/"},{"@type":"ListItem","position":2,"name":"Elaboraci\u00f3 de n\u00f2mines"}]}]}},"_links":{"self":[{"href":"https:\/\/grupogestorbcn.com\/ca\/wp-json\/wp\/v2\/pages\/315"}],"collection":[{"href":"https:\/\/grupogestorbcn.com\/ca\/wp-json\/wp\/v2\/pages"}],"about":[{"href":"https:\/\/grupogestorbcn.com\/ca\/wp-json\/wp\/v2\/types\/page"}],"author":[{"embeddable":true,"href":"https:\/\/grupogestorbcn.com\/ca\/wp-json\/wp\/v2\/users\/1"}],"replies":[{"embeddable":true,"href":"https:\/\/grupogestorbcn.com\/ca\/wp-json\/wp\/v2\/comments?post=315"}],"version-history":[{"count":2,"href":"https:\/\/grupogestorbcn.com\/ca\/wp-json\/wp\/v2\/pages\/315\/revisions"}],"predecessor-version":[{"id":374,"href":"https:\/\/grupogestorbcn.com\/ca\/wp-json\/wp\/v2\/pages\/315\/revisions\/374"}],"wp:attachment":[{"href":"https:\/\/grupogestorbcn.com\/ca\/wp-json\/wp\/v2\/media?parent=315"}],"curies":[{"name":"wp","href":"https:\/\/api.w.org\/{rel}","templated":true}]}}

Elaboració de nòmines

<p><img loading="lazy" src="http://grupogestorbcn.com/wp-content/uploads/elaboracion-de-nominas.png" alt="elaboracion-de-nominas" width="150" height="160" class="alignleft size-full wp-image-167" /></p>
<h1>Elaboració de nòmines</h1>
<h2>A Grupo Gestor BCN t’ajudem per tal que no hagis de preocupar-te ni per l’administració del teu personal ni per la gestió de les seves nòmines.</h2>
<p>&nbsp;</p>
<p><img loading="lazy" src="http://grupogestorbcn.com/wp-content/uploads/precio-elaboracion-de-nominas-cat.png" alt="precio-elaboracion-de-nominas-cat" width="368" height="143" class="alignright size-full wp-image-373 precios-nominas" srcset="https://grupogestorbcn.com/wp-content/uploads/precio-elaboracion-de-nominas-cat.png 368w, https://grupogestorbcn.com/wp-content/uploads/precio-elaboracion-de-nominas-cat-300x117.png 300w" sizes="(max-width: 368px) 100vw, 368px" /></p>
<p>&nbsp;</p>
<p>A Grupo Gestor BCN oferim un servei especialitzar en l’administració de personal i en<br />
l’elaboració de nòmines.</p>
<p>&nbsp;<br />
&nbsp;<br />
&nbsp;</p>
<h4>Els nostres serveis inclouen:</h4>
<p>&nbsp;</p>
<h3>Administració de personal</h3>
<ul>
<li><span>Confecció i presentació dels contractes de treball del personal de la teva empresa mitjançant el <b>sistema Contrat@</b>.</span></li>
<li><span>Tramitació i presentació de les cotitzacions dels treballadors i de la seva carta de pagament (<b>TC2</b> i <b>TC1</b>), així com de les altes, baixes, i variacions mitjançant el Sistema Red.</span></li>
<li><span>Confecció i presentació telemàtica del <b>model 111</b> trimestral o mensual, de liquidacions de retencions d’IRPF.</span></li>
<li><span>Confecció i presentació telemàtica del <b>model 190</b> de resumen anual d’IRPF.</span></li>
<li><span>Confecció de certificats individuals de retencions d’IRPF.</span></li>
</ul>
<h3>Gestió de nòmines</h3>
<ul>
<li><span>Confecció de nòmines.</span></li>
<li><span>Confecció de liquidacions y quitances.</span></li>
</ul>
<p>&nbsp;</p>
<h3>Assessorament addicional</h3>
<p>A Grupo Gestor BCN també podem assessorar-te de forma integral en <b>MATERIA COMPTABLE, FISCAL I LABORAL</b>. </p>
<a href="/ca/packs-dassessoria-integral" class="boton_packs"><i class="fa fa-codepen"></i> Veure tots els packs d'assessoria integral</a>

<p>Elaboració de nòmines A Grupo Gestor BCN t’ajudem per tal que no hagis de preocupar-te ni per l’administració del teu personal ni per la gestió de les seves nòmines. &nbsp; &nbsp; A Grupo Gestor BCN&#8230;</p>

<!-- This site is optimized with the Yoast SEO plugin v17.4 - https://yoast.com/wordpress/plugins/seo/ -->
<title>Gestió nòmines – Assessoria Laboral – Externalització treballadors</title>
<meta name="description" content="Gestió de nòmines - Externalització de l&#039;administració de personal - Assassoria laboral online nòmina" />
<meta name="robots" content="index, follow, max-snippet:-1, max-image-preview:large, max-video-preview:-1" />
<link rel="canonical" href="https://grupogestorbcn.com/ca/elaboracio-de-nomines/" />
<meta property="og:locale" content="ca_ES" />
<meta property="og:type" content="article" />
<meta property="og:title" content="Gestió nòmines – Assessoria Laboral – Externalització treballadors" />
<meta property="og:description" content="Gestió de nòmines - Externalització de l&#039;administració de personal - Assassoria laboral online nòmina" />
<meta property="og:url" content="https://grupogestorbcn.com/ca/elaboracio-de-nomines/" />
<meta property="og:site_name" content="Grupo Gestor BCN" />
<meta property="article:publisher" content="https://www.facebook.com/grupogestorbcn/" />
<meta property="article:modified_time" content="2015-12-07T10:47:33+00:00" />
<meta property="og:image" content="http://grupogestorbcn.com/wp-content/uploads/elaboracion-de-nominas.png" />
<meta name="twitter:card" content="summary" />
<meta name="twitter:label1" content="Temps estimat de lectura" />
	<meta name="twitter:data1" content="1 minut" />
<script type="application/ld+json" class="yoast-schema-graph">{"@context":"https://schema.org","@graph":[{"@type":"WebSite","@id":"https://grupogestorbcn.com/#website","url":"https://grupogestorbcn.com/","name":"Grupo Gestor BCN","description":"Assessoria especialitzada en mat\u00e8ria comptable, fiscal, laboral i mercantil a Barcelona","potentialAction":[{"@type":"SearchAction","target":{"@type":"EntryPoint","urlTemplate":"https://grupogestorbcn.com/?s={search_term_string}"},"query-input":"required name=search_term_string"}],"inLanguage":"ca"},{"@type":"ImageObject","@id":"https://grupogestorbcn.com/ca/elaboracio-de-nomines/#primaryimage","inLanguage":"ca","url":"http://grupogestorbcn.com/wp-content/uploads/elaboracion-de-nominas.png","contentUrl":"http://grupogestorbcn.com/wp-content/uploads/elaboracion-de-nominas.png"},{"@type":"WebPage","@id":"https://grupogestorbcn.com/ca/elaboracio-de-nomines/#webpage","url":"https://grupogestorbcn.com/ca/elaboracio-de-nomines/","name":"Gesti\u00f3 n\u00f2mines \u2013 Assessoria Laboral \u2013 Externalitzaci\u00f3 treballadors","isPartOf":{"@id":"https://grupogestorbcn.com/#website"},"primaryImageOfPage":{"@id":"https://grupogestorbcn.com/ca/elaboracio-de-nomines/#primaryimage"},"datePublished":"2015-11-06T08:51:58+00:00","dateModified":"2015-12-07T10:47:33+00:00","description":"Gesti\u00f3 de n\u00f2mines - Externalitzaci\u00f3 de l'administraci\u00f3 de personal - Assassoria laboral online n\u00f2mina","breadcrumb":{"@id":"https://grupogestorbcn.com/ca/elaboracio-de-nomines/#breadcrumb"},"inLanguage":"ca","potentialAction":[{"@type":"ReadAction","target":["https://grupogestorbcn.com/ca/elaboracio-de-nomines/"]}]},{"@type":"BreadcrumbList","@id":"https://grupogestorbcn.com/ca/elaboracio-de-nomines/#breadcrumb","itemListElement":[{"@type":"ListItem","position":1,"name":"Portada","item":"https://grupogestorbcn.com/ca/"},{"@type":"ListItem","position":2,"name":"Elaboraci\u00f3 de n\u00f2mines"}]}]}</script>
<!-- / Yoast SEO plugin. -->

Gestió nòmines – Assessoria Laboral – Externalització treballadors

Gestió de nòmines - Externalització de l'administració de personal - Assassoria laboral online nòmina

Assessoria especialitzada en matèria comptable, fiscal, laboral i mercantil a Barcelona
